{"id":113,"date":"2020-01-31T14:45:41","date_gmt":"2020-01-31T13:45:41","guid":{"rendered":"http:\/\/www.toepfereipiezonka.de\/toepferei\/?page_id=113"},"modified":"2020-03-06T14:55:37","modified_gmt":"2020-03-06T13:55:37","slug":"verschiedenes","status":"publish","type":"page","link":"https:\/\/www.toepfereipiezonka.de\/toepferei\/verschiedenes\/","title":{"rendered":"Verschiedenes"},"content":{"rendered":"\n<div class=\"alignwide\"><div id=\"metaslider-id-58\" style=\"width: 100%; margin: 0 auto;\" class=\"ml-slider-3-15-3 metaslider metaslider-flex metaslider-58 ml-slider ml-slider-lightbox-1-10-1 lightbox-disabled nav-hidden\">\n    <div id=\"metaslider_container_58\">\n        <div id=\"metaslider_58\">\n            <ul aria-live=\"polite\" class=\"slides\">\n                <li style=\"display: block; width: 100%;\" class=\"slide-97 ms-image\"><img src=\"https:\/\/www.toepfereipiezonka.de\/toepferei\/wp-content\/uploads\/2020\/01\/piezonka-burg-1.jpg\" height=\"350\" width=\"1300\" alt=\"\" class=\"slider-58 slide-97\" title=\"piezonka-burg-1\" \/><\/li>\n                <li style=\"display: none; width: 100%;\" class=\"slide-92 ms-image\"><img src=\"https:\/\/www.toepfereipiezonka.de\/toepferei\/wp-content\/uploads\/2020\/01\/piezonka-burg-6.jpg\" height=\"350\" width=\"1300\" alt=\"\" class=\"slider-58 slide-92\" title=\"piezonka-burg-6\" \/><\/li>\n                <li style=\"display: none; width: 100%;\" class=\"slide-95 ms-image\"><img src=\"https:\/\/www.toepfereipiezonka.de\/toepferei\/wp-content\/uploads\/2020\/01\/piezonka-burg-3.jpg\" height=\"350\" width=\"1300\" alt=\"\" class=\"slider-58 slide-95\" title=\"piezonka-burg-3\" \/><\/li>\n                <li style=\"display: none; width: 100%;\" class=\"slide-96 ms-image\"><img src=\"https:\/\/www.toepfereipiezonka.de\/toepferei\/wp-content\/uploads\/2020\/01\/piezonka-burg-2.jpg\" height=\"350\" width=\"1300\" alt=\"\" class=\"slider-58 slide-96\" title=\"piezonka-burg-2\" \/><\/li>\n                <li style=\"display: none; width: 100%;\" class=\"slide-93 ms-image\"><img src=\"https:\/\/www.toepfereipiezonka.de\/toepferei\/wp-content\/uploads\/2020\/01\/piezonka-burg-5.jpg\" height=\"350\" width=\"1300\" alt=\"\" class=\"slider-58 slide-93\" title=\"piezonka-burg-5\" \/><\/li>\n                <li style=\"display: none; width: 100%;\" class=\"slide-94 ms-image\"><img src=\"https:\/\/www.toepfereipiezonka.de\/toepferei\/wp-content\/uploads\/2020\/01\/piezonka-burg-4.jpg\" height=\"350\" width=\"1300\" alt=\"\" class=\"slider-58 slide-94\" title=\"piezonka-burg-4\" \/><\/li>\n            <\/ul>\n        <\/div>\n        \n    <\/div>\n<\/div><\/div>\n\n\n\n<p>\u00a0<\/p>\n<p>\u00a0<\/p>\n<p>\u00a0<\/p>\n\n\n<div class=\"foogallery foogallery-container foogallery-default foogallery-lightbox-foobox fg-gutter-20 fg-center fg-default fg-light fg-border-thin fg-shadow-outline fg-loaded-fade-in fg-custom fg-caption-hover fg-hover-fade\" id=\"foogallery-gallery-368\" data-foogallery=\"{&quot;item&quot;:{&quot;showCaptionTitle&quot;:true,&quot;showCaptionDescription&quot;:true},&quot;lazy&quot;:true,&quot;src&quot;:&quot;data-src-fg&quot;,&quot;srcset&quot;:&quot;data-srcset-fg&quot;}\" data-fg-common-fields=\"1\" >\r\n\t<div class=\"fg-item\"><figure class=\"fg-item-inner\"><a href=\"https:\/\/www.toepfereipiezonka.de\/toepferei\/wp-content\/uploads\/2020\/02\/verschieden1.jpg\" data-caption-title=\"Vorratsdose\" data-attachment-id=\"356\" class=\"fg-thumb\"><span class=\"fg-image-wrap\"><img title=\"Vorratsdose\" width=\"150\" height=\"150\" data-src-fg=\"https:\/\/www.toepfereipiezonka.de\/toepferei\/wp-content\/uploads\/cache\/2020\/02\/verschieden1\/33870144.jpg\" class=\"fg-image\" \/><\/span><\/a><figcaption class=\"fg-caption\"><div class=\"fg-caption-inner\"><div class=\"fg-caption-title\">Vorratsdose<\/div><\/div><\/figcaption><\/figure><div class=\"fg-loader\"><\/div><\/div><div class=\"fg-item\"><figure class=\"fg-item-inner\"><a href=\"https:\/\/www.toepfereipiezonka.de\/toepferei\/wp-content\/uploads\/2020\/02\/verschieden12.jpg\" data-caption-title=\"Durchschlag\" data-attachment-id=\"367\" class=\"fg-thumb\"><span class=\"fg-image-wrap\"><img title=\"Durchschlag\" width=\"150\" height=\"150\" data-src-fg=\"https:\/\/www.toepfereipiezonka.de\/toepferei\/wp-content\/uploads\/cache\/2020\/02\/verschieden12\/3337814783.jpg\" class=\"fg-image\" \/><\/span><\/a><figcaption class=\"fg-caption\"><div class=\"fg-caption-inner\"><div class=\"fg-caption-title\">Durchschlag<\/div><\/div><\/figcaption><\/figure><div class=\"fg-loader\"><\/div><\/div><div class=\"fg-item\"><figure class=\"fg-item-inner\"><a href=\"https:\/\/www.toepfereipiezonka.de\/toepferei\/wp-content\/uploads\/2020\/02\/verschieden5.jpg\" data-caption-title=\"Glocken\" data-attachment-id=\"360\" class=\"fg-thumb\"><span class=\"fg-image-wrap\"><img title=\"Glocken\" width=\"150\" height=\"150\" data-src-fg=\"https:\/\/www.toepfereipiezonka.de\/toepferei\/wp-content\/uploads\/cache\/2020\/02\/verschieden5\/2398657810.jpg\" class=\"fg-image\" \/><\/span><\/a><figcaption class=\"fg-caption\"><div class=\"fg-caption-inner\"><div class=\"fg-caption-title\">Glocken<\/div><\/div><\/figcaption><\/figure><div class=\"fg-loader\"><\/div><\/div><div class=\"fg-item\"><figure class=\"fg-item-inner\"><a href=\"https:\/\/www.toepfereipiezonka.de\/toepferei\/wp-content\/uploads\/2020\/02\/verschieden2.jpg\" data-caption-title=\"Pudding- und Backformen\" data-attachment-id=\"357\" class=\"fg-thumb\"><span class=\"fg-image-wrap\"><img title=\"Pudding- und Backformen\" width=\"150\" height=\"150\" data-src-fg=\"https:\/\/www.toepfereipiezonka.de\/toepferei\/wp-content\/uploads\/cache\/2020\/02\/verschieden2\/1529151003.jpg\" class=\"fg-image\" \/><\/span><\/a><figcaption class=\"fg-caption\"><div class=\"fg-caption-inner\"><div class=\"fg-caption-title\">Pudding- und Backformen<\/div><\/div><\/figcaption><\/figure><div class=\"fg-loader\"><\/div><\/div><div class=\"fg-item\"><figure class=\"fg-item-inner\"><a href=\"https:\/\/www.toepfereipiezonka.de\/toepferei\/wp-content\/uploads\/2020\/02\/verschieden11.jpg\" data-caption-title=\"Kugelwindlichte ab 13cm Durchmesser\" data-attachment-id=\"366\" class=\"fg-thumb\"><span class=\"fg-image-wrap\"><img title=\"Kugelwindlichte ab 13cm Durchmesser\" width=\"150\" height=\"150\" data-src-fg=\"https:\/\/www.toepfereipiezonka.de\/toepferei\/wp-content\/uploads\/cache\/2020\/02\/verschieden11\/2366738826.jpg\" class=\"fg-image\" \/><\/span><\/a><figcaption class=\"fg-caption\"><div class=\"fg-caption-inner\"><div class=\"fg-caption-title\">Kugelwindlichte ab 13cm Durchmesser<\/div><\/div><\/figcaption><\/figure><div class=\"fg-loader\"><\/div><\/div><div class=\"fg-item\"><figure class=\"fg-item-inner\"><a href=\"https:\/\/www.toepfereipiezonka.de\/toepferei\/wp-content\/uploads\/2020\/02\/verschieden10.jpg\" data-caption-title=\"Vogeltr\u00e4nke\" data-attachment-id=\"365\" class=\"fg-thumb\"><span class=\"fg-image-wrap\"><img title=\"Vogeltr\u00e4nke\" width=\"150\" height=\"150\" data-src-fg=\"https:\/\/www.toepfereipiezonka.de\/toepferei\/wp-content\/uploads\/cache\/2020\/02\/verschieden10\/3581684463.jpg\" class=\"fg-image\" \/><\/span><\/a><figcaption class=\"fg-caption\"><div class=\"fg-caption-inner\"><div class=\"fg-caption-title\">Vogeltr\u00e4nke<\/div><\/div><\/figcaption><\/figure><div class=\"fg-loader\"><\/div><\/div><div class=\"fg-item\"><figure class=\"fg-item-inner\"><a href=\"https:\/\/www.toepfereipiezonka.de\/toepferei\/wp-content\/uploads\/2020\/02\/verschieden3.jpg\" data-caption-title=\"Dekormuster Inglasurmalerei\" data-attachment-id=\"358\" class=\"fg-thumb\"><span class=\"fg-image-wrap\"><img title=\"Dekormuster Inglasurmalerei\" width=\"150\" height=\"150\" data-src-fg=\"https:\/\/www.toepfereipiezonka.de\/toepferei\/wp-content\/uploads\/cache\/2020\/02\/verschieden3\/3617355243.jpg\" class=\"fg-image\" \/><\/span><\/a><figcaption class=\"fg-caption\"><div class=\"fg-caption-inner\"><div class=\"fg-caption-title\">Dekormuster Inglasurmalerei<\/div><\/div><\/figcaption><\/figure><div class=\"fg-loader\"><\/div><\/div><div class=\"fg-item\"><figure class=\"fg-item-inner\"><a href=\"https:\/\/www.toepfereipiezonka.de\/toepferei\/wp-content\/uploads\/2020\/02\/verschieden4.jpg\" data-caption-title=\"\u00dcbertopf floral\" data-attachment-id=\"359\" class=\"fg-thumb\"><span class=\"fg-image-wrap\"><img title=\"\u00dcbertopf floral\" width=\"150\" height=\"150\" data-src-fg=\"https:\/\/www.toepfereipiezonka.de\/toepferei\/wp-content\/uploads\/cache\/2020\/02\/verschieden4\/183915594.jpg\" class=\"fg-image\" \/><\/span><\/a><figcaption class=\"fg-caption\"><div class=\"fg-caption-inner\"><div class=\"fg-caption-title\">\u00dcbertopf floral<\/div><\/div><\/figcaption><\/figure><div class=\"fg-loader\"><\/div><\/div><div class=\"fg-item\"><figure class=\"fg-item-inner\"><a href=\"https:\/\/www.toepfereipiezonka.de\/toepferei\/wp-content\/uploads\/2020\/02\/verschieden9.jpg\" data-caption-title=\"Wandampel mit Ausguss\" data-attachment-id=\"364\" class=\"fg-thumb\"><span class=\"fg-image-wrap\"><img title=\"Wandampel mit Ausguss\" width=\"150\" height=\"150\" data-src-fg=\"https:\/\/www.toepfereipiezonka.de\/toepferei\/wp-content\/uploads\/cache\/2020\/02\/verschieden9\/822683199.jpg\" class=\"fg-image\" \/><\/span><\/a><figcaption class=\"fg-caption\"><div class=\"fg-caption-inner\"><div class=\"fg-caption-title\">Wandampel mit Ausguss<\/div><\/div><\/figcaption><\/figure><div class=\"fg-loader\"><\/div><\/div><div class=\"fg-item\"><figure class=\"fg-item-inner\"><a href=\"https:\/\/www.toepfereipiezonka.de\/toepferei\/wp-content\/uploads\/2020\/02\/verschieden8.jpg\" data-caption-title=\"Pflanzflasche\" data-attachment-id=\"363\" class=\"fg-thumb\"><span class=\"fg-image-wrap\"><img title=\"Pflanzflasche\" width=\"150\" height=\"150\" data-src-fg=\"https:\/\/www.toepfereipiezonka.de\/toepferei\/wp-content\/uploads\/cache\/2020\/02\/verschieden8\/3061708618.jpg\" class=\"fg-image\" \/><\/span><\/a><figcaption class=\"fg-caption\"><div class=\"fg-caption-inner\"><div class=\"fg-caption-title\">Pflanzflasche<\/div><\/div><\/figcaption><\/figure><div class=\"fg-loader\"><\/div><\/div><div class=\"fg-item\"><figure class=\"fg-item-inner\"><a href=\"https:\/\/www.toepfereipiezonka.de\/toepferei\/wp-content\/uploads\/2020\/02\/teller4.jpg\" data-caption-title=\"Sch\u00fcsselsatz, Engobemalerei\" data-attachment-id=\"449\" class=\"fg-thumb\"><span class=\"fg-image-wrap\"><img title=\"Sch\u00fcsselsatz, Engobemalerei\" width=\"150\" height=\"150\" data-src-fg=\"https:\/\/www.toepfereipiezonka.de\/toepferei\/wp-content\/uploads\/cache\/2020\/02\/teller4\/2394047629.jpg\" class=\"fg-image\" \/><\/span><\/a><figcaption class=\"fg-caption\"><div class=\"fg-caption-inner\"><div class=\"fg-caption-title\">Sch\u00fcsselsatz, Engobemalerei<\/div><\/div><\/figcaption><\/figure><div class=\"fg-loader\"><\/div><\/div><div class=\"fg-item\"><figure class=\"fg-item-inner\"><a href=\"https:\/\/www.toepfereipiezonka.de\/toepferei\/wp-content\/uploads\/2020\/02\/verschieden6.jpg\" data-caption-title=\"\u00dcbert\u00f6pfe bunt, verschiedene Gr\u00f6\u00dfen\" data-attachment-id=\"361\" class=\"fg-thumb\"><span class=\"fg-image-wrap\"><img title=\"\u00dcbert\u00f6pfe bunt, verschiedene Gr\u00f6\u00dfen\" width=\"150\" height=\"150\" data-src-fg=\"https:\/\/www.toepfereipiezonka.de\/toepferei\/wp-content\/uploads\/cache\/2020\/02\/verschieden6\/3621302857.jpg\" class=\"fg-image\" \/><\/span><\/a><figcaption class=\"fg-caption\"><div class=\"fg-caption-inner\"><div class=\"fg-caption-title\">\u00dcbert\u00f6pfe bunt, verschiedene Gr\u00f6\u00dfen<\/div><\/div><\/figcaption><\/figure><div class=\"fg-loader\"><\/div><\/div><\/div>\r\n\n\n\n<p>\u00a0<\/p>\n<p>\u00a0<\/p>\n<p>\u00a0<\/p>\n","protected":false},"excerpt":{"rendered":"<p>\u00a0 \u00a0 \u00a0 \u00a0 \u00a0 \u00a0<\/p>\n","protected":false},"author":1,"featured_media":0,"parent":0,"menu_order":0,"comment_status":"closed","ping_status":"closed","template":"template-fullwidth.php","meta":{"kt_blocks_editor_width":""},"_links":{"self":[{"href":"https:\/\/www.toepfereipiezonka.de\/toepferei\/wp-json\/wp\/v2\/pages\/113"}],"collection":[{"href":"https:\/\/www.toepfereipiezonka.de\/toepferei\/wp-json\/wp\/v2\/pages"}],"about":[{"href":"https:\/\/www.toepfereipiezonka.de\/toepferei\/wp-json\/wp\/v2\/types\/page"}],"author":[{"embeddable":true,"href":"https:\/\/www.toepfereipiezonka.de\/toepferei\/wp-json\/wp\/v2\/users\/1"}],"replies":[{"embeddable":true,"href":"https:\/\/www.toepfereipiezonka.de\/toepferei\/wp-json\/wp\/v2\/comments?post=113"}],"version-history":[{"count":3,"href":"https:\/\/www.toepfereipiezonka.de\/toepferei\/wp-json\/wp\/v2\/pages\/113\/revisions"}],"predecessor-version":[{"id":369,"href":"https:\/\/www.toepfereipiezonka.de\/toepferei\/wp-json\/wp\/v2\/pages\/113\/revisions\/369"}],"wp:attachment":[{"href":"https:\/\/www.toepfereipiezonka.de\/toepferei\/wp-json\/wp\/v2\/media?parent=113"}],"curies":[{"name":"wp","href":"https:\/\/api.w.org\/{rel}","templated":true}]}}