{"id":13,"date":"2020-01-30T22:03:04","date_gmt":"2020-01-30T21:03:04","guid":{"rendered":"http:\/\/www.toepfereipiezonka.de\/toepferei\/?page_id=13"},"modified":"2024-01-12T12:53:24","modified_gmt":"2024-01-12T11:53:24","slug":"werkstatt-laden","status":"publish","type":"page","link":"https:\/\/www.toepfereipiezonka.de\/toepferei\/werkstatt-laden\/","title":{"rendered":"Werkstatt &#038; Verkauf"},"content":{"rendered":"\n<div class=\"alignwide\"><div id=\"metaslider-id-58\" style=\"width: 100%; margin: 0 auto;\" class=\"ml-slider-3-15-3 metaslider metaslider-flex metaslider-58 ml-slider ml-slider-lightbox-1-10-1 lightbox-disabled nav-hidden\">\n    <div id=\"metaslider_container_58\">\n        <div id=\"metaslider_58\">\n            <ul aria-live=\"polite\" class=\"slides\">\n                <li style=\"display: block; width: 100%;\" class=\"slide-92 ms-image\"><img src=\"https:\/\/www.toepfereipiezonka.de\/toepferei\/wp-content\/uploads\/2020\/01\/piezonka-burg-6.jpg\" height=\"350\" width=\"1300\" alt=\"\" class=\"slider-58 slide-92\" title=\"piezonka-burg-6\" \/><\/li>\n                <li style=\"display: none; width: 100%;\" class=\"slide-94 ms-image\"><img src=\"https:\/\/www.toepfereipiezonka.de\/toepferei\/wp-content\/uploads\/2020\/01\/piezonka-burg-4.jpg\" height=\"350\" width=\"1300\" alt=\"\" class=\"slider-58 slide-94\" title=\"piezonka-burg-4\" \/><\/li>\n                <li style=\"display: none; width: 100%;\" class=\"slide-95 ms-image\"><img src=\"https:\/\/www.toepfereipiezonka.de\/toepferei\/wp-content\/uploads\/2020\/01\/piezonka-burg-3.jpg\" height=\"350\" width=\"1300\" alt=\"\" class=\"slider-58 slide-95\" title=\"piezonka-burg-3\" \/><\/li>\n                <li style=\"display: none; width: 100%;\" class=\"slide-93 ms-image\"><img src=\"https:\/\/www.toepfereipiezonka.de\/toepferei\/wp-content\/uploads\/2020\/01\/piezonka-burg-5.jpg\" height=\"350\" width=\"1300\" alt=\"\" class=\"slider-58 slide-93\" title=\"piezonka-burg-5\" \/><\/li>\n                <li style=\"display: none; width: 100%;\" class=\"slide-96 ms-image\"><img src=\"https:\/\/www.toepfereipiezonka.de\/toepferei\/wp-content\/uploads\/2020\/01\/piezonka-burg-2.jpg\" height=\"350\" width=\"1300\" alt=\"\" class=\"slider-58 slide-96\" title=\"piezonka-burg-2\" \/><\/li>\n                <li style=\"display: none; width: 100%;\" class=\"slide-97 ms-image\"><img src=\"https:\/\/www.toepfereipiezonka.de\/toepferei\/wp-content\/uploads\/2020\/01\/piezonka-burg-1.jpg\" height=\"350\" width=\"1300\" alt=\"\" class=\"slider-58 slide-97\" title=\"piezonka-burg-1\" \/><\/li>\n            <\/ul>\n        <\/div>\n        \n    <\/div>\n<\/div><\/div>\n\n\n\n<p>&nbsp;<\/p>\n<p>&nbsp;<\/p>\n\n\n\n\n<div class=\"foogallery foogallery-container foogallery-default foogallery-lightbox-foobox fg-gutter-20 fg-center fg-default fg-light fg-border-thin fg-shadow-outline fg-loaded-fade-in fg-custom fg-caption-hover fg-hover-fade\" id=\"foogallery-gallery-389\" data-foogallery=\"{&quot;item&quot;:{&quot;showCaptionTitle&quot;:true,&quot;showCaptionDescription&quot;:true},&quot;lazy&quot;:true,&quot;src&quot;:&quot;data-src-fg&quot;,&quot;srcset&quot;:&quot;data-srcset-fg&quot;}\" data-fg-common-fields=\"1\" >\r\n\t<div class=\"fg-item\"><figure class=\"fg-item-inner\"><a href=\"https:\/\/www.toepfereipiezonka.de\/toepferei\/wp-content\/uploads\/2020\/02\/laden5.jpg\" data-attachment-id=\"383\" class=\"fg-thumb\"><span class=\"fg-image-wrap\"><img width=\"150\" height=\"150\" data-src-fg=\"https:\/\/www.toepfereipiezonka.de\/toepferei\/wp-content\/uploads\/cache\/2020\/02\/laden5\/1623729969.jpg\" class=\"fg-image\" \/><\/span><\/a><figcaption class=\"fg-caption\"><div class=\"fg-caption-inner\"><\/div><\/figcaption><\/figure><div class=\"fg-loader\"><\/div><\/div><div class=\"fg-item\"><figure class=\"fg-item-inner\"><a href=\"https:\/\/www.toepfereipiezonka.de\/toepferei\/wp-content\/uploads\/2020\/02\/laden4.jpg\" data-attachment-id=\"382\" class=\"fg-thumb\"><span class=\"fg-image-wrap\"><img width=\"150\" height=\"150\" data-src-fg=\"https:\/\/www.toepfereipiezonka.de\/toepferei\/wp-content\/uploads\/cache\/2020\/02\/laden4\/565484288.jpg\" class=\"fg-image\" \/><\/span><\/a><figcaption class=\"fg-caption\"><div class=\"fg-caption-inner\"><\/div><\/figcaption><\/figure><div class=\"fg-loader\"><\/div><\/div><div class=\"fg-item\"><figure class=\"fg-item-inner\"><a href=\"https:\/\/www.toepfereipiezonka.de\/toepferei\/wp-content\/uploads\/2020\/02\/laden2.jpg\" data-attachment-id=\"380\" class=\"fg-thumb\"><span class=\"fg-image-wrap\"><img width=\"150\" height=\"150\" data-src-fg=\"https:\/\/www.toepfereipiezonka.de\/toepferei\/wp-content\/uploads\/cache\/2020\/02\/laden2\/654831000.jpg\" class=\"fg-image\" \/><\/span><\/a><figcaption class=\"fg-caption\"><div class=\"fg-caption-inner\"><\/div><\/figcaption><\/figure><div class=\"fg-loader\"><\/div><\/div><div class=\"fg-item\"><figure class=\"fg-item-inner\"><a href=\"https:\/\/www.toepfereipiezonka.de\/toepferei\/wp-content\/uploads\/2020\/02\/laden1.jpg\" data-attachment-id=\"379\" class=\"fg-thumb\"><span class=\"fg-image-wrap\"><img width=\"150\" height=\"150\" data-src-fg=\"https:\/\/www.toepfereipiezonka.de\/toepferei\/wp-content\/uploads\/cache\/2020\/02\/laden1\/3232888539.jpg\" class=\"fg-image\" \/><\/span><\/a><figcaption class=\"fg-caption\"><div class=\"fg-caption-inner\"><\/div><\/figcaption><\/figure><div class=\"fg-loader\"><\/div><\/div><\/div>\r\n\n\n\n<p>\u00a0<\/p>\n<p>\u00a0<\/p>\n\n\n\n<p><strong>Werkstatt <\/strong>&amp;<strong> Verkauf<\/strong><\/p>\n\n\n\n<p>Die Keramikwerkstatt mit Ladengesch\u00e4ft befindet sich im Burger Au\u00dfenbereich, einer uralten Kulturlandschaft der sorbisch &#8211; wendischen Bauern und Fischer. Hier haben Sie die M\u00f6glichkeit, St\u00fccke aus unserer Produktion zu erwerben. <\/p>\n\n\n\n<p><\/p>\n\n\n\n<p><\/p>\n\n\n\n<hr class=\"wp-block-separator\"\/>\n\n\n\n<p><strong>Preise<\/strong><\/p>\n\n\n\n<p>Um Ihnen eine Vorstellung von unseren Preisen zu geben, finden  Sie hier einige Beispiele.  Die Preise variieren je nach Gr\u00f6\u00dfe und Dekor.<\/p>\n\n\n\n<ul><li> kleine Tassen ab 11,00 EUR<\/li><li> gro\u00dfe Tassen ab 16,00 EUR<\/li><li> Dessertteller ab 15,00 EUR <\/li><li> Flaschen ab 12,00 EUR<\/li><li> Sch\u00fcsseln\/Schalen ab 15,00 EUR<\/li><li> Windlichte ab 30,00 EUR  <\/li><li> Kr\u00fcge ab 12,00 EUR <\/li><li> Kannen ab 65,00 EUR   <\/li><li> Vasen ab 15,00 EUR  <\/li><li> Bodenvasen (Mindesth\u00f6he 50 cm) ab 150,00 EUR <\/li><\/ul>\n\n\n\n<p> F\u00fcr weitere Preisausk\u00fcnfte k\u00f6nnen Sie gerne mit uns <a href=\"http:\/\/www.toepfereipiezonka.de\/toepferei\/kontakt\/\">Kontakt<\/a> aufnehmen.<\/p>\n\n\n\n<p><\/p>\n\n\n\n<p><\/p>\n","protected":false},"excerpt":{"rendered":"<p>&nbsp; &nbsp; \u00a0 \u00a0 Werkstatt &amp; Verkauf Die Keramikwerkstatt mit Ladengesch\u00e4ft befindet sich im Burger Au\u00dfenbereich, einer uralten Kulturlandschaft der sorbisch &#8211; wendischen Bauern und Fischer. Hier haben Sie die &#8230;<\/p>\n","protected":false},"author":1,"featured_media":0,"parent":0,"menu_order":0,"comment_status":"closed","ping_status":"closed","template":"template-fullwidth.php","meta":{"kt_blocks_editor_width":""},"_links":{"self":[{"href":"https:\/\/www.toepfereipiezonka.de\/toepferei\/wp-json\/wp\/v2\/pages\/13"}],"collection":[{"href":"https:\/\/www.toepfereipiezonka.de\/toepferei\/wp-json\/wp\/v2\/pages"}],"about":[{"href":"https:\/\/www.toepfereipiezonka.de\/toepferei\/wp-json\/wp\/v2\/types\/page"}],"author":[{"embeddable":true,"href":"https:\/\/www.toepfereipiezonka.de\/toepferei\/wp-json\/wp\/v2\/users\/1"}],"replies":[{"embeddable":true,"href":"https:\/\/www.toepfereipiezonka.de\/toepferei\/wp-json\/wp\/v2\/comments?post=13"}],"version-history":[{"count":29,"href":"https:\/\/www.toepfereipiezonka.de\/toepferei\/wp-json\/wp\/v2\/pages\/13\/revisions"}],"predecessor-version":[{"id":954,"href":"https:\/\/www.toepfereipiezonka.de\/toepferei\/wp-json\/wp\/v2\/pages\/13\/revisions\/954"}],"wp:attachment":[{"href":"https:\/\/www.toepfereipiezonka.de\/toepferei\/wp-json\/wp\/v2\/media?parent=13"}],"curies":[{"name":"wp","href":"https:\/\/api.w.org\/{rel}","templated":true}]}}